{"version":"1.0","provider_name":"Casa das Pedras Parideiras","provider_url":"https:\/\/aroucageopark.pt\/casa-das-pedras-parideiras","title":"Technical sheet - Casa das Pedras Parideiras","type":"rich","width":600,"height":338,"html":"<blockquote class=\"wp-embedded-content\" data-secret=\"jaWN1Xdiiz\"><a href=\"https:\/\/aroucageopark.pt\/casa-das-pedras-parideiras\/en\/technical-sheet\/\">Technical sheet<\/a><\/blockquote><iframe sandbox=\"allow-scripts\" security=\"restricted\" src=\"https:\/\/aroucageopark.pt\/casa-das-pedras-parideiras\/en\/technical-sheet\/embed\/#?secret=jaWN1Xdiiz\" width=\"600\" height=\"338\" title=\"&#8220;Technical sheet&#8221; &#8212; Casa das Pedras Parideiras\" data-secret=\"jaWN1Xdiiz\" frameborder=\"0\" marginwidth=\"0\" marginheight=\"0\" scrolling=\"no\" class=\"wp-embedded-content\"><\/iframe><script>\n\/*! This file is auto-generated *\/\n!function(d,l){\"use strict\";l.querySelector&&d.addEventListener&&\"undefined\"!=typeof URL&&(d.wp=d.wp||{},d.wp.receiveEmbedMessage||(d.wp.receiveEmbedMessage=function(e){var t=e.data;if((t||t.secret||t.message||t.value)&&!\/[^a-zA-Z0-9]\/.test(t.secret)){for(var s,r,n,a=l.querySelectorAll('iframe[data-secret=\"'+t.secret+'\"]'),o=l.querySelectorAll('blockquote[data-secret=\"'+t.secret+'\"]'),c=new RegExp(\"^https?:$\",\"i\"),i=0;i<o.length;i++)o[i].style.display=\"none\";for(i=0;i<a.length;i++)s=a[i],e.source===s.contentWindow&&(s.removeAttribute(\"style\"),\"height\"===t.message?(1e3<(r=parseInt(t.value,10))?r=1e3:~~r<200&&(r=200),s.height=r):\"link\"===t.message&&(r=new URL(s.getAttribute(\"src\")),n=new URL(t.value),c.test(n.protocol))&&n.host===r.host&&l.activeElement===s&&(d.top.location.href=t.value))}},d.addEventListener(\"message\",d.wp.receiveEmbedMessage,!1),l.addEventListener(\"DOMContentLoaded\",function(){for(var e,t,s=l.querySelectorAll(\"iframe.wp-embedded-content\"),r=0;r<s.length;r++)(t=(e=s[r]).getAttribute(\"data-secret\"))||(t=Math.random().toString(36).substring(2,12),e.src+=\"#?secret=\"+t,e.setAttribute(\"data-secret\",t)),e.contentWindow.postMessage({message:\"ready\",secret:t},\"*\")},!1)))}(window,document);\n<\/script>\n","description":"Coordination Vera Magalh\u00e3es | Arouca Geopark Association Texts Ivo Brand\u00e3o | Arouca City Council Vera Magalh\u00e3es | Arouca Geopark Association Susana Bastos | Arouca Geopark Association Daniela Rocha | Arouca Geopark Association Alexandra Paz | Arouca Geopark Association Photos Avelino Vieira Jo\u00e3o Martins Gabriel Soeiro Mendes Jo\u00e3o Petronilho Davide Guimar\u00e3es Arouca Geopark Association Montemuro, Arada [&hellip;]"}

Coordination Vera Magalhães | Arouca Geopark Association Texts Ivo Brandão | Arouca City Council Vera Magalhães | Arouca Geopark Association Susana Bastos | Arouca Geopark Association Daniela Rocha | Arouca Geopark Association Alexandra Paz | Arouca Geopark Association Photos Avelino Vieira João Martins Gabriel Soeiro Mendes João Petronilho Davide Guimarães Arouca Geopark Association Montemuro, Arada [&hellip;]
